{"id":810,"date":"2012-02-28T23:57:46","date_gmt":"2012-02-28T21:57:46","guid":{"rendered":"http:\/\/www.steinbruch-jung.de\/?page_id=810"},"modified":"2012-03-05T20:07:43","modified_gmt":"2012-03-05T18:07:43","slug":"sande-kiese-boden","status":"publish","type":"page","link":"https:\/\/www.steinbruch-jung.de\/?page_id=810","title":{"rendered":"Sande, Kiese, Boden"},"content":{"rendered":"<p><strong>Sande:<\/strong><\/p>\n<ul>\n<li>Rheinsand 0\/2: zum Verf\u00fcllen von Pflasterfugen, Herstellung von Beton, Ummantelung von Rohr- und Elektroleitungen<\/li>\n<li>Estrichsand 0\/8: zur Herstellung von Estrichbeton<\/li>\n<\/ul>\n<p><strong>Kiese:<\/strong><\/p>\n<ul>\n<li>Betonkies 0\/32: zur Herstellung von Fundamentbeton<\/li>\n<li>Rollkies 32\/X: als Spritzschutz, Drainage, fl\u00e4chige Bodenaufsch\u00fcttung, Dekoration von Steing\u00e4rten<\/li>\n<\/ul>\n<p><strong>Mutterboden:<\/strong><\/p>\n<ul>\n<li>Mutterboden regional: zum Verf\u00fcllen von Fl\u00e4chen, die bepflanzt werden sollen<\/li>\n<li>Mutterboden abgesiebt vom Niederrhein: zum Verf\u00fcllen von Fl\u00e4chen, die bepflanzt werden sollen<\/li>\n<\/ul>\n","protected":false},"excerpt":{"rendered":"<p>Sande: Rheinsand 0\/2: zum Verf\u00fcllen von Pflasterfugen, Herstellung von Beton, Ummantelung von Rohr- und Elektroleitungen Estrichsand 0\/8: zur Herstellung von Estrichbeton Kiese: Betonkies 0\/32: zur Herstellung von Fundamentbeton Rollkies 32\/X: als Spritzschutz, Drainage, fl\u00e4chige Bodenaufsch\u00fcttung, Dekoration von Steing\u00e4rten Mutterboden: Mutterboden regional: zum Verf\u00fcllen von Fl\u00e4chen, die bepflanzt werden sollen Mutterboden abgesiebt vom Niederrhein: zum Verf\u00fcllen [&hellip;]<\/p>\n","protected":false},"author":2,"featured_media":0,"parent":5,"menu_order":2,"comment_status":"open","ping_status":"open","template":"","meta":[],"_links":{"self":[{"href":"https:\/\/www.steinbruch-jung.de\/index.php?rest_route=\/wp\/v2\/pages\/810"}],"collection":[{"href":"https:\/\/www.steinbruch-jung.de\/index.php?rest_route=\/wp\/v2\/pages"}],"about":[{"href":"https:\/\/www.steinbruch-jung.de\/index.php?rest_route=\/wp\/v2\/types\/page"}],"author":[{"embeddable":true,"href":"https:\/\/www.steinbruch-jung.de\/index.php?rest_route=\/wp\/v2\/users\/2"}],"replies":[{"embeddable":true,"href":"https:\/\/www.steinbruch-jung.de\/index.php?rest_route=%2Fwp%2Fv2%2Fcomments&post=810"}],"version-history":[{"count":5,"href":"https:\/\/www.steinbruch-jung.de\/index.php?rest_route=\/wp\/v2\/pages\/810\/revisions"}],"predecessor-version":[{"id":891,"href":"https:\/\/www.steinbruch-jung.de\/index.php?rest_route=\/wp\/v2\/pages\/810\/revisions\/891"}],"up":[{"embeddable":true,"href":"https:\/\/www.steinbruch-jung.de\/index.php?rest_route=\/wp\/v2\/pages\/5"}],"wp:attachment":[{"href":"https:\/\/www.steinbruch-jung.de\/index.php?rest_route=%2Fwp%2Fv2%2Fmedia&parent=810"}],"curies":[{"name":"wp","href":"https:\/\/api.w.org\/{rel}","templated":true}]}}